
Let z(u) = u**2 - 9*u - 1. Suppose 2*k = 5*w, -31 = -6*k + k - 3*w. Suppose -k*q - 425 = -5*s, -202 = -2*s - 5*q + 3. Suppose s*i - 93*i + 24 = 0. Give z(i).
-9
Let z be (0 + 4/(-5))/((-154)/385). Let n(l) = -9 + 6*l - 15*l + z*l**2 + 8*l - l**2. Give n(4).
3
Let a(d) = -12 + 363*d**3 + d - 362*d**3 - 11*d**2 + 15*d. Calculate a(10).
48
Let q(n) = 2*n - 18. Let f = -1264 - -455. Let u = f + 815. Give q(u).
-6
Let u(i) be the first derivative of -1/60*i**5 + 14 - 4*i**2 - 1/8*i**4 + 0*i + 2/3*i**3. Let l(n) be the second derivative of u(n). Calculate l(-5).
-6
Suppose -881 = 141*r - 599. Let s(m) = -8*m + 4. Determine s(r).
20
Let n(r) = r**3 + 32*r**2 - r - 13. Let t be (-612)/44 - -14 - (-1059)/(-33). Give n(t).
19
Let k(t) = -t**3 - 12*t**2 + 15*t + 19. Suppose 0*x - 7*x + 21 = 0. Let r be 94/(-7) - (-11)/77*x. Calculate k(r).
-7
Let t(o) = -72*o + 435. Let l(z) = 4*z**2 + 255*z - 1150. Let i be l(-68). Give t(i).
3
Let x = -5 + 9. Let s(l) = l. Let q(m) = -m**2 - 6*m + 6. Let h(j) = q(j) - s(j). Let k(c) = c**2 + 2*c - 1. Let b(v) = h(v) + 2*k(v). What is b(x)?
8
Let f(b) be the second derivative of b**3/6 + 2*b**2 + 40*b. Let a = 7 - 1. Let q be 56/21*a/(-4). Give f(q).
0
Let f(s) = -27*s**3 - s**2 + s. Suppose -3*u - 3*n + 3 = 0, 4*n - 35 = -3*u - 34. Suppose 0 = 5*m + c - 5*c + 3, -c - u = -5*m. What is f(m)?
-27
Let x(l) = -6*l - 42. Let f be x(-7). Suppose 5*y - 5*v = f, 3*v + 1 = y - 5. Let j(m) be the third derivative of 7*m**4/24 - m**3/6 + 2*m**2. Calculate j(y).
-22
Let w(g) = -2*g**2 - 22*g - 9. Let i(c) = 2*c**2 + 42*c - 548. Let x be i(9). Determine w(x).
39
Let o(w) = 13*w**2 + 4*w - 28. Let p be o(4). Suppose 11*h + 3*h + p = 0. Let q(v) = v**2 + 13*v - 19. Calculate q(h).
-5
Let k(t) = -11*t - 1. Suppose -3*x - 357 = 795. Let z = x - -224. Let d be (-1 - (-8)/(-10)) + (-128)/z. What is k(d)?
10
Let d(v) be the second derivative of v**5/40 - v**4/8 + 35*v**3/3 + 40*v. Let q(p) be the second derivative of d(p). Calculate q(-3).
-12
Let l(v) be the third derivative of 56*v**2 + 2*v**3 + 0*v - 1/24*v**4 + 0. What is l(0)?
12
Let k(s) be the first derivative of s**2 + 12*s - 1797. What is k(-12)?
-12
Let o be (30/(-12))/((-2)/4). Suppose -y - 4*k + 3*k = -1, 11 = o*y - k. Suppose -5*x - y*x - x = 0. Let v(u) = -u**2 - 9. What is v(x)?
-9
Let t = 13 + -10. Let o be t + 2 + 1533 - 1. Let k(v) = 3*v**2 + 1537 - o + 3*v. Calculate k(-2).
6
Let l(c) = 0 + 4*c + 92*c**2 - 193*c**2 - 6*c**3 + 1 + 99*c**2. Calculate l(2).
-47
Let i(t) = 7*t**2 + 7*t - 4. Suppose -16 = 100*h - 98*h. Let p(z) = 19*z**2 + 21*z - 11. Let k(w) = h*i(w) + 3*p(w). Give k(-6).
-7
Suppose -j + 4*j = 2*r - 81, 5*j - r = -135. Let i(t) = -t**3 - 25*t**2 + 53*t - 17. Let b be i(j). Let z(v) = v**3 - 9*v**2 - 11*v + 14. What is z(b)?
4
Let a(p) = -p - 14. Let x = -129 - -139. Suppose -x + 4 = 3*g, 2*g = 3*o + 44. Calculate a(o).
2
Suppose -5*i - 1 = 3*l - 3, -2*i = l - 2. Let n(d) = -126*d - 8. Let c(g) = 632*g + 47. Let h(j) = c(j) + 5*n(j). Calculate h(l).
-5
Let l(n) = -25 + 15*n + n - 12 - 62 - 9*n. What is l(14)?
-1
Let g(f) = -f**3 + 5*f**2 - f - 9. Let q be g(4). Let j(n) = 5*n**3 - n**3 - 9*n**2 + q - 11*n + 6 - 3*n**3. Let i = -30 + 40. Determine j(i).
-1
Let i(f) = -2*f**2 + 36*f + 9. Suppose -5*x = -40, 346*a - 347*a - 22 = -5*x. Calculate i(a).
9
Let w(m) = -m**3 + 13*m**2 - 12*m + 10. Suppose -62 = -5*g - 50*k + 52*k, -3*g - k + 35 = 0. Determine w(g).
10
Let p(r) = r**2 + r + 4. Let n be p(3). Suppose 4*k + 0*k - 46 = 2*a, 5*a = k - n. Let y(u) = 11 + u - 26 + k. Determine y(5).
1
Let p(u) = 7*u + 7. Let m(b) = -8*b - 8. Let z(i) = 5*m(i) + 6*p(i). Let h = 93 - 93. Suppose r - 5*w - 12 = h, 0*r - 2*r + 5*w + 14 = 0. Determine z(r).
6
Suppose -2*o - 6 = -2*j, 5*j + 8 = 3*o + 21. Let v(w) = -5*w**2 - w - 2. Give v(o).
-6
Suppose -60*q + 1320 = -50*q. Let p = q - 138. Let z(o) = 2*o + 12. What is z(p)?
0
Let z(r) = r**2 + 4*r - 7. Let b(v) = -v**2 - 12*v + 488. Let l be b(-29). What is z(l)?
-2
Let m(x) = -7*x**3 - 4*x + 38. Let c(f) = f**3 + f - 9. Let v(t) = -6*c(t) - m(t). What is v(0)?
16
Let z(y) = -y**3 + 2*y. Let f be z(0). Suppose c + v - 21 = 0, 4*v = c - f*c - 6. Suppose -6 = -3*k + c. Let h(p) = -p**3 + 9*p**2 - 8*p - 7. Give h(k).
-7
Let u(p) = -p**2 + 141*p - 933. Let m be u(7). Let l(s) = -2*s**3 + 10*s**2 + 3*s + 11. Calculate l(m).
26
Let k be (-2)/14 - 1*843/(-21). Suppose 49 = -3*l + k. Let m(w) = -w + 5*w + 3*w**2 - w + 2 + 0*w**2. Calculate m(l).
20
Let a(z) = z**2 - 1. Let y(p) = -3*p**2 - p + 1. Let t(g) = -4*a(g) - y(g). Suppose 16 + 8 = 4*v. Let l = v + -9. Calculate t(l).
-9
Let v(h) = -h**2 + 18*h - 1. Let r be v(18). Let j(o) = -o**2 - 1. Let u be j(1). Let a = u + r. Let i(l) = 2*l**2 + l - 3. What is i(a)?
12
Let r(v) = -v**2 + 8*v. Let j(w) = -4*w - 4. Let p be j(-3). Let f be r(p). Let s(c) = 2683 + 2*c - 3*c + 0*c - 5361 + 2677. Calculate s(f).
-1
Let i(j) = -j**2 - 9*j + 27. Let b be i(-12). Let o(g) = 4*g**3 + 9*g**2 - 6*g + 5. Let u(r) = r**3 - 2*r - 2. Let k(v) = o(v) - 3*u(v). What is k(b)?
11
Let w(o) = -o + 1. Let c(r) be the first derivative of -r**2 + 2*r + 3. Let u(h) = c(h) - w(h). Let v = 383 - 384. Calculate u(v).
2
Let p(b) be the third derivative of -b**5/20 - b**4/6 - 2*b**3/3 - b**2. Let j = -181 + 192. Suppose 0*a = -3*a - 4*y + j, 0 = -2*y + 10. What is p(a)?
-19
Let n(t) = t**3 - 6*t**2 - 6*t + 6. Let g be ((-2)/((-8)/2))/((-1)/18). Let u be 2/g + 2990/414. Calculate n(u).
13
Let q(d) = -d**3 - 4*d**2 + 10*d - 2. Let x be 0/(4 - -1) - (9 - 3). What is q(x)?
10
Let v(d) be the third derivative of 0 + 4*d**2 - 1/6*d**4 + 0*d + 1/6*d**3. Let g = 0 + 4. Determine v(g).
-15
Let b(y) = -y + 97813 - 97815 - y. Suppose -j - 4 = j. Calculate b(j).
2
Let w(c) = -5 - 11*c + 14*c - 4*c. Suppose -s - 60 = -59. Determine w(s).
-4
Let c(n) = 15*n + 138. Let x be c(-9). Suppose -1508*t = -1509*t + x. Let h(s) = -4*s**2 + s + 3. What is h(t)?
-30
Let q(u) = 20*u**3 + u + 1. Let f(l) = -l**3 + 7*l**2 - 4*l - 4. Let w be f(6). Suppose -6 = -2*s + w*s. Let i be (-21)/(-27) + s - 14/18. Determine q(i).
-20
Let s(g) be the first derivative of -2*g**2 - g + 3. Let t be ((-2)/(-1))/(2/35*5). Suppose 4*u - t = 9. What is s(u)?
-17
Suppose 4*w + 5*y + 13 = 0, 0 = -0*w - 2*w + 5*y - 29. Let b = w + 14. Let p(d) = 2*d - 14. Calculate p(b).
0
Suppose -5*q + 55 = -3*s, -39 = 2*q - 5*q + 3*s. Let t = 9 + -14. Let y(c) = -10*c + 8. Let l(b) = -7*b + 5. Let k(f) = t*y(f) + 7*l(f). Calculate k(q).
3
Let f(l) be the first derivative of l**3/3 - l**2/2 + 6*l - 1096. What is f(9)?
78
Let j(h) = -7*h**3 - 25*h**2 - 33*h - 28. Let i(g) = -9*g**3 - 25*g**2 - 35*g - 28. Let x(n) = 4*i(n) - 5*j(n). Calculate x(26).
2
Let x(v) = 2*v + 17. Let k = -280 + 374. Suppose 2*o = -k + 80. Calculate x(o).
3
Let c be 63/(-14)*(2 + (0 - 0)). Let q be 2/(6/c) + (-2 - -1). Let a(u) = u**2 - 5 - u**2 + 5*u + u**2 + 3. What is a(q)?
-6
Let i(h) be the third derivative of 13*h**4/8 - 127*h**3/2 - 5729*h**2. Calculate i(10).
9
Let t(z) = -z**2 + 2. Let x(f) be the second derivative of f**4/6 + f**3/6 - f**2/2 - 44*f. Let n(w) = 3*t(w) + 2*x(w). Let p = 3 - 6. Give n(p).
7
Let t(s) = -289*s - 880. Let k be t(-3). Let d(w) = 2*w**2 + 31*w + 31. Give d(k).
-34
Let q(c) be the third derivative of c**6/120 + 2*c**5/15 - 5*c**4/24 + 2*c**3 + 142*c**2 - 4. Calculate q(-9).
-24
Let z(o) = o**3 - 4*o**2 - 3*o - 7. Let i be -3 + 6 + 0/5. Suppose -g - 5*x = -i*x, 5*g - 11 = x. Suppose 3*u - g*u = -3*n + 17, 0 = -5*n - u + 27. Give z(n).
3
Let a be 280/(-44) + (-6)/33 - 12/(-22). Let o(u) = -3*u**2 - 16*u + 9. Calculate o(a).
-3
Let i(x) = 25*x**3 + 17*x**2 - 13*x - 13. Let r(v) = -21*v**3 - 17*v**2 + 14*v + 14. Let k(c) = 5*i(c) + 6*r(c). Give k(-18).
1
Let j(r) be the third derivative of 0 + 1/15*r**5 - 1/120*r**6 - 53*r**2 + 0*r - 1/8*r**4 + 1/2*r**3. What is j(3)?
3
Let i(n) = n**3 - 5*n**2 + 3*n + 3. Suppose -4*y = 4*k - 24, 4*k = 5*y + 20 + 13. Suppose 5*q = 6*q + 4*a + k, 2*q = -3*a + 1. Determine i(q).
18
Let k(i) be the first derivative of i**4/4 + i**3 - 2*i**2 - i + 114. Let p be 1/4 - (-63)/(-12). Let a = p + 2. What is k(a)?
11
Suppose -3*h + 16*i = 18*i - 8, 5*i + 3 = 4*h. Let j(d) be the first derivative of 1/4*d**4 + 15 + 1/2*d**h + d - d**3. Give j(2).
